763 = 0, -g + n + 763 = 0. What is the hundreds digit of g?
7
Let z(p) = 3*p**2 + 7*p + 24. What is the units digit of z(-9)?
4
Let c be (90/(-12))/(2/20). Suppose -2*d - 26 = -d + 5*r, -5*r = 2*d + 77. Let i = d - c. What is the units digit of i?
4
Let k = 176 - 70. What is the tens digit of k?
0
Let v(m) = -2*m + 4*m**2 - 4 - 1 - 1. Let r = -1187 + 1190. What is the tens digit of v(r)?
2
Let z(u) = -u**3 + 4*u**2 + 5*u + 6. Suppose -5*c = -6*c + 5. Let o be z(c). Let i = 28 - o. What is the tens digit of i?
2
Suppose 2*a = -4*v + 62, 2*v - 79 + 28 = -5*a. Suppose 10*r + 3 = v*r. What is the units digit of 2 + 1 + r + 17?
1
Suppose 2*z = 4*y + 630, -9*y + 13*y - 333 = -z. What is the tens digit of z?
2
Let d(s) = 4470*s**3 + 3*s**2 + 6*s - 7. What is the thousands digit of d(1)?
4
Suppose 5*k = -4*u + 220, 0 = 7*u - 3*u. Suppose -4*d = -0*d + 5*y - 198, 4*y - k = -d. What is the units digit of d?
2
Suppose 3*q - 1069 = 545. What is the hundreds digit of q?
5
Let o be (1/(3/189))/(1 - 0). Suppose o - 6 = i. What is the tens digit of i?
5
What is the hundreds digit of (6/(-39))/((-3)/39) - -870?
8
Let q = -10 + 12. Suppose 0*x = q*x - 32. What is the tens digit of 99/12*x/6?
2
Let u(i) = 14*i**2 - 11*i - 10. What is the units digit of u(-6)?
0
Let z = 795 - 520. What is the hundreds digit of z?
2
Let r be (-1 + 0 - 1) + 8. Suppose -r*b - 5*x = -3*b - 240, -b + 5*x + 80 = 0. What is the units digit of b?
0
Let p = 1565 - -48. What is the thousands digit of p?
1
Let s(r) = 3*r + 26. Let u be s(-6). Suppose -u = -2*k, -2*l - 2*l + 148 = 4*k. What is the units digit of l?
3
Let j(q) = 2*q**2 + 34*q**3 + 15 + 10 - 39 + 13. Let u be ((-2)/(-4))/((-1)/(-2)). What is the units digit of j(u)?
5
Let w(b) = -8*b**2 + 5*b - 26. Let z(l) be the first derivative of -l**3 + l**2 - 9*l + 4. Let m(s) = 4*w(s) - 11*z(s). What is the units digit of m(-4)?
9
Let t be ((-25)/4)/((-7)/84). Suppose 1660 = 5*z + t. What is the units digit of z?
7
Let g(m) = -m**2 + 20*m - 12. Suppose -2*i = n - 9, -5*n = -0*i + 5*i - 55. What is the tens digit of g(n)?
7
Suppose -4*s = -16, 3*d - 9402 = -5*s + 8*s. What is the hundreds digit of d?
1
Let u(b) = 37*b**2 - 5*b + 8. What is the hundreds digit of u(5)?
9
Suppose 4*y - 1050 = 1142. Suppose 0*d - y = -4*d. Suppose 19 = 3*z - d. What is the tens digit of z?
5
Let c(z) = 179*z**3 + 5*z**2 - 5*z - 3. What is the tens digit of c(2)?
3
Let f = -24 - -366. What is the units digit of f?
2
Suppose 0 = 4*b + 4*n - 12040, -9*b - 3*n = -14*b + 15050. What is the thousands digit of b?
3
Let s = 1682 + -1199. What is the tens digit of s?
8
Suppose -15 = 5*j, 3*j + 0 - 1 = -2*c. Suppose 0 = -2*k + k + c. Let n(a) = -a**2 + 6*a - 2. What is the units digit of n(k)?
3
Let o = -478 + 1059. What is the units digit of o?
1
Suppose h - 85 = -8. Let f be (1 + (-19)/2)*-6. Let s = h - f. What is the units digit of s?
6
Let y(t) = -t**2 + 10*t + 2. Let j be y(10). Suppose -5*q = -j*q - 108. Suppose -q = -2*m + 10. What is the units digit of m?
3
Suppose -156 = -3*x - x. Let r = x + -6. What is the units digit of r?
3
Suppose -16 = -h - 5*i, 4*h - 64 = h + i. Let v be (10 + 0)/(4/2). Suppose 3*b - 5*b + 4*l = 0, -v*l = b - h. What is the units digit of b?
6
What is the hundreds digit of (0 - -7)*-2*(-14186)/164?
2
Let x = -56 + 54. What is the units digit of 87 + (2 + 0)/x + 0?
6
Let k be (3/9)/(3/108). Suppose k = 6*w - 0*w. What is the units digit of w?
2
Suppose -5 = -m + 3. Suppose 340 = m*t - 284. What is the units digit of t?
8
Suppose q + 17 = -3*r, q + 1 = -0*q + 5*r. Let k(y) = 4*y + y**2 + 33 + 9 - 66. What is the units digit of k(q)?
3
Suppose 5*k = -18 - 337. Let z = 109 + k. Let q = z + -23. What is the units digit of q?
5
Suppose -2*h = -h + 5*y - 275, 4*y - 770 = -3*h. Suppose -5*k + 120 + h = 0. What is the units digit of k?
4
Suppose -n = -5*u, 2*n - 6 = -0*n + 4*u. Suppose -8 = 3*v - n*v. Suppose v*s - 6*s = -62. What is the units digit of s?
1
Let k(h) = -2*h - h - 5 + 2*h. Let l be k(-10). Suppose -7 = n - l*d, 2*n - 6 = 4*d + 4. What is the tens digit of n?
1
Let t be -1*-6*(-2 - -3). Let r be 4 + t*-1 - -6. Suppose -3*c + 0*c + 52 = n, -4*n - r*c = -208. What is the units digit of n?
2
Let g(r) = 5*r**2 - 28*r - 59. What is the thousands digit of g(24)?
2
Let p = 200 + 92. What is the units digit of p?
2
Let q = 213 + -187. What is the tens digit of q?
2
Let n(z) = -z + 7. Let u be n(10). Let l be u/(-5) - (-44)/10. Suppose 4*w + w - 105 = l*v, 5*w + v = 81. What is the tens digit of w?
1
Let v be (26/(-39))/(1/(-3)). Suppose 540 = v*m + 7*m. What is the tens digit of m?
6
Suppose 0 = -4*q + 2*z - 15 - 9, 0 = q - z + 4. Let o = 51 - q. What is the tens digit of o?
5
Suppose 11 = 5*z + 2*y, 7 = 4*z - 3*y - 11. Suppose 31 = z*u - 80. What is the units digit of u?
7
Let u = 12 - -3. Suppose 19*p - 24*p + 5*q = 15, 4*q = -2*p - 24. Let a = u - p. What is the tens digit of a?
2
Suppose -o = -4*s + 5050, s - 5*o - 1252 = -10*o. What is the thousands digit of s?
1
Let r(k) = k**2 - 21*k - 10. Let v be r(16). Suppose 283 = -5*x - 2*a, 3*x - 2*a + 8 = -149. Let g = x - v. What is the tens digit of g?
3
Let q(y) = -12*y**3 - 4*y**2 - 8*y - 3. Suppose 78*s + 3 = 77*s. What is the units digit of q(s)?
9
What is the hundreds digit of (-28)/(-20) - 6865/(-25)?
2
Suppose 2*r = a + 1074, 2*r + 3*a - 643 = 431. What is the tens digit of r?
3
Let o(i) = 83*i - 389. What is the tens digit of o(15)?
5
Suppose 807 = 12*q - 11*q. What is the units digit of 9/(-12) - q/(-4)?
1
Suppose 11 = 2*j - 7. Let t = j + 43. What is the units digit of t?
2
Let m(a) = -a**2 - 13*a - 11. Suppose -u = -5 + 4. Let z = -7 - u. What is the units digit of m(z)?
9
Let c(o) = -o**3 + 2*o - 1. Let f be c(2). Let a(y) = -15*y + 10. What is the tens digit of a(f)?
8
Let x = 43 - 33. Let z(a) = -a**3 + 11*a**2 - 11*a + 15. What is the units digit of z(x)?
5
Let a = 0 + -4. Let y be -2*2/a*19. Let u = 34 - y. What is the tens digit of u?
1
Let l(w) = 16*w**2 - 32*w - 67. What is the thousands digit of l(-8)?
1
Let g(t) = 43*t - 6. What is the hundreds digit of g(8)?
3
Suppose 2*y = -0*y. Suppose 5*n - 15 = 4*a, -2*a + y*a - 6 = -4*n. What is the units digit of 2*n - (-27)/3?
7
Let m(b) = -60*b + 148. What is the units digit of m(-35)?
8
Let d(q) = q**3 + 18*q**2 + 14*q + 1. Let l(a) = a**3 + 5*a**2 - 6*a - 1. Let k be l(-6). Let b be (2 + k)*(-4 - 13). What is the tens digit of d(b)?
5
What is the hundreds digit of (6 - (-760)/(-130)) + 26984/26?
0
Suppose 4*s = 12*s - 3456. Suppose -2*r - 216 = -2*v, 0 = -3*v - v - r + s. What is the tens digit of v?
0
Let t = -2803 - -4035. What is the units digit of t?
2
Suppose 2*i + 5*w - 1513 = 0, 0 = -w + 5 - 0. What is the tens digit of i?
4
Let i = -921 - -1303. What is the tens digit of i?
8
Let r(j) = 37*j + 9. Let w(d) = -19*d - 4. Let g(k) = 3*r(k) + 5*w(k). What is the units digit of g(7)?
9
Let d = -393 - -404. Suppose 5*f - 1 + 51 = 0. Let a = d - f. What is the tens digit of a?
2
Suppose 5*o = -5*a - 0*a, 5*o = -15. Suppose i + 5*c = 121, 320 = 4*i + a*c - 147. What is the units digit of i?
6
Suppose -h = -4*h + 6. Suppose -4*y + 2*r = -95 + 25, -y + 4 = -5*r. Let q = y - h. What is the tens digit of q?
1
Let s = -410 - -1268. What is the units digit of s?
8
Let k = 98 + -94. Suppose 3*b - u = 636, -k*u + 212 = b - u. What is the hundreds digit of b?
2
Let i(q) = -q**2 - q + 1. Let h(g) = 26*g**3 - 4*g**2 - 7*g + 6. Let w(l) = h(l) - 5*i(l). Let v be w(1). What is the tens digit of -2*1*v/(-2)?
2
Let s(z) = -2*z**3 - 7*z**2 - 7*z - 17. Let t be -8 + (21/(-35))/((-1)/5). What is the tens digit of s(t)?
9
Suppose 3*b = -u - 3, 4*u = -b + 5*b - 12. What is the units digit of 2/(-2)*(b + -1)*111?
1
Let r be (-16)/40 - (-1114)/10. Let o = r - 11. What is the tens digit of o?
0
Suppose -2*d - 159 = -19. What is the units digit of d*(-2 + (-1)/(-2))?
5
Let z = -27 + 27. Suppose -3*i - 3*i + 378 = z. What is the tens digit of i?
6
Let v(t) = 2*t - 13. Let x be v(8). Suppose -8*o + x*o + 90 = 0. What is the tens digit of o?
1
Let q(w) = 10*w + 32. Let o be (14/21)/(2/15). What is the units digit of q(o)?
2
Let g(k) = 2*k + 6. Let r be g(-3). Suppose -4*n = h - 1 - 4, 5*n + 2*h - 10 = r. Suppose -27 = -l - n*l. What is the units